08 - (2 + -1 + -1). Suppose -4*d - 232 = -2*h, -7*d - 2*h + 288 = -12*d. Let t = d + l. What are the prime factors of t?
2, 13
Suppose 4*p - 3*f + 2*f - 833 = 0, -2*f - 1045 = -5*p. Let k = p - -42. List the prime factors of k.
3, 83
Let r(i) = -2*i**3 - 2*i**2 + i + 1. Let n be r(-2). Suppose 0 = n*l - 3*l. Suppose 0 = -2*p - 4, l*q + p + 102 = 4*q. List the prime factors of q.
5
Suppose 6*b + 559 = 1495. Let f = -71 + b. Let h = 119 - f. What are the prime factors of h?
2, 17
Let r(m) = 2*m**3 - 59*m**2 + 2*m + 55. List the prime factors of r(30).
5, 7, 29
Let g = -5 + 2. Let q be (-12)/(-8)*2*9. Let t = q - g. List the prime factors of t.
2, 3, 5
Let m = 9 + -9. Suppose -5*a - 5*j + 80 = m, 2*a - 2*j = 2*j + 20. Let h(n) = 2*n - 18. What are the prime factors of h(a)?
2, 5
Suppose 7*a - 2630 = 2*a - 5*o, o - 2110 = -4*a. Suppose -a - 648 = -7*r. What are the prime factors of r?
2, 3, 7
Let h = -47 - -54. Suppose -g - h = -43. What are the prime factors of g?
2, 3
Let k(o) = -2*o**3 - 5*o**2 + 2*o. Suppose -3*x + 7 = 2*g, -2*g + 3*x - 28 = -x. Let n be k(g). Suppose -4*h = h - n. What are the prime factors of h?
2
Let f = 236 + -80. Let c = -37 + f. Suppose 5*s - c = 76. What are the prime factors of s?
3, 13
Let z be 6*4/32*4. Suppose 3*v - v + 6 = 0, 5*m - 29 = z*v. Suppose m*y = 4*b + 28, 2*b - 1 - 55 = -5*y. What are the prime factors of y?
2, 5
Suppose 6*l = -5740 + 23194. What are the prime factors of l?
2909
Suppose 0 = 2*r - 2*d - d + 108, d = 3*r + 162. Let v = -33 - r. What are the prime factors of v?
3, 7
Let g = 8291 + -4835. What are the prime factors of g?
2, 3
Let s(d) = d**3 - 6*d**2 - d - 4. Let b be s(6). List the prime factors of 45/b*(0 + -66).
3, 11
Suppose 317*r = 327*r - 11130. What are the prime factors of r?
3, 7, 53
Let v = 21 + -13. List the prime factors of (-18 - -30)*30/v.
3, 5
What are the prime factors of 11943/27*(1 - -2)?
1327
Let z(g) = g - 2. Let u be z(5). Let y(f) = -2*f**2 + 6*f + 4. Let t be y(u). Suppose 8*m + t*h - 135 = 5*m, 3*m - 4*h = 111. What are the prime factors of m?
41
Let y(g) = -9 + 2*g + g - 4*g - 7*g + g**2. Let r be y(9). Suppose d - 6*d + 320 = r. List the prime factors of d.
2
Suppose -2*y = 2*y - 4*r - 1492, 5*r - 1915 = -5*y. Suppose -25*i + y = -23*i. What are the prime factors of i?
3, 7
Let t(g) = -95*g. What are the prime factors of t(-2)?
2, 5, 19
Let c(o) be the second derivative of o**4/12 + o**3/6 - o**2/2 + 4*o. Let i be c(2). Suppose y - 228 = -i*d - 90, -d + 2*y = -21. List the prime factors of d.
3
Let o be 36/(-5)*(21 + -11). List the prime factors of 1*(-2)/3*o.
2, 3
Let j be (22 + -2)*575/20. Let i = j + -64. Suppose -6*y = y - i. What are the prime factors of y?
73
Let g = 8 + -6. Suppose -s - t + 3 = 0, -2*s + 7*t = g*t + 29. What are the prime factors of (s/7)/((-4)/28)?
2
What are the prime factors of (-9806)/(-30) - 6/(-45)?
3, 109
Let i(z) = -13*z - 7. Let x = 33 - 35. Let d = -1 + x. What are the prime factors of i(d)?
2
Let d be (-4)/((-28)/8 + 3). Let j = d - 4. Suppose j*q - 27 = 5. List the prime factors of q.
2
Suppose 34 - 10 = 3*r. Suppose -4*p + 34 = -3*n - 0*n, 3*n = -2*p + r. List the prime factors of p.
7
Let q = -878 - -2642. Suppose -n = 2*n + q. List the prime factors of n/(-20) - (-6)/(-15).
29
Let x(k) = 60*k**3 + k**2 + 5*k - 10. What are the prime factors of x(2)?
2, 11
Suppose 1 = -z, -2*h - 3*z = -86 - 79. List the prime factors of h.
2, 3, 7
Let h(z) = -67*z - 531. List the prime factors of h(-15).
2, 3, 79
Suppose 2292 - 162 = -k. What are the prime factors of (-2)/(-5) + k/(-50)?
43
Let a(n) = 2*n - 4. Let q be a(0). Let v = q + 18. Let z = v + -3. List the prime factors of z.
11
Let q = -318 + 579. List the prime factors of q.
3, 29
Let g be 8/(-28) - (-130)/14. Suppose g*r - 11*r = -204. What are the prime factors of r?
2, 3, 17
Suppose 3*d - 536 = -5*b + d, 5*b - 515 = 5*d. Suppose -v + b = 4*x - 3*v, 5*x + 4*v = 165. List the prime factors of x.
29
Let v be 2/7 - 16*1/7. Let n be (-6)/(-27) + 614/(-9). List the prime factors of (3/6)/(v/n).
17
Let f(y) = -y**3 + 2*y**2 + 3*y + 4. Let o be f(3). Suppose -5*p = -o*r - 341, 6*p - p + 2*r = 347. List the prime factors of p.
3, 23
Let z(j) = j - 6. Let w(a) = -2*a + 11. Let g(t) = -3*w(t) - 7*z(t). Let f be g(6). Let p = 13 - f. List the prime factors of p.
2, 5
Let d = -48 - -180. Suppose -i - 4*b + 59 = 0, -5*b = 5*i - 118 - d. What are the prime factors of i?
47
Suppose -20 = -o + 6*o. Let c(s) = -s**3 - 6*s**2 - 14*s + 4. Let b be c(-4). Let g = b + o. What are the prime factors of g?
2, 3
Suppose 0 = -h - 30 + 25. What are the prime factors of -36*(-6)/(h + 8)?
2, 3
Let r = -20 - -1668. List the prime factors of r.
2, 103
Let j(q) be the first derivative of q**2/2 + 2*q - 11. Let r be j(-1). List the prime factors of r/(-3) + (-2772)/(-54).
3, 17
Suppose 4*k = -6 + 30. Let h(l) = -l**3 + 6*l**2 + 4*l - 19. List the prime factors of h(k).
5
Suppose 5*u + 5 = -20, -2*u - 38 = -4*x. Suppose -4*k = 2*p + 20, -2*k = -x*k + 5*p - 25. Let c = k + 39. What are the prime factors of c?
2, 17
Let l(x) = -29*x**3 - 4*x**2 - 5*x + 9. List the prime factors of l(-5).
3559
Suppose 0 = 3*o + 2*l - 14, 12 = 5*o + l - 9. Suppose 4*i = -0*i + v - 69, 0 = 5*i - o*v + 89. Let d = -9 - i. What are the prime factors of d?
2
Suppose o + 4*o - 30 = 0. Suppose 3*c = -2*z - 1 + 3, 0 = 2*c - 5*z - 33. Let n = c + o. List the prime factors of n.
2, 5
Let q(x) = -x**3 - 5*x**2 + 7*x + 8. Let k be q(-6). Suppose -k*p - 3*u = -u - 548, u = p - 282. List the prime factors of p.
2, 139
Let u = -30 + 36. Suppose -u*d = -419 - 19. List the prime factors of d.
73
Suppose -48 + 48 = 4*a. Let y(r) = 8*r + 112. What are the prime factors of y(a)?
2, 7
Suppose -43*t + 23*t + 19720 = 0. What are the prime factors of t?
2, 17, 29
Suppose 36*j - 15644 + 1820 = 0. What are the prime factors of j?
2, 3
Let h be 218/10 + 2/10. Let z = h + 113. List the prime factors of z.
3, 5
Let s(j) = 5 + j - 5 + 0*j + 3*j**2 + 5. Let n be s(3). Suppose 3*r - 5 = 3*h - n, 19 = 2*h - r. What are the prime factors of h?
3
Suppose -71*l + 546 = -77*l. Let f = 109 + l. What are the prime factors of f?
2, 3
Suppose 2*p = 5*l - 520, 3*l - p - 93 = 220. What are the prime factors of l?
2, 53
Let g(n) be the second derivative of -n**5/20 - n**4/12 - 2*n**3/3 + n**2/2 + 4*n. Let m(x) = x + 3. Let s be m(-7). What are the prime factors of g(s)?
5, 13
Suppose 6 + 4 = 5*h. Suppose 3*u - a - 42 = 0, -30 = u - h*u - 5*a. List the prime factors of (u/2)/5*4.
2, 3
Let n(v) = -2*v + 4. Let r(c) = -3*c + 4. Suppose -25 = -5*a, 0 = 2*x - 5*a + 10 + 3. Let t(d) = x*n(d) - 5*r(d). What are the prime factors of t(6)?
2, 11
Let y(h) = -15*h - 45. Let r be y(-3). Suppose 4*k + 3*u - 1128 = u, r = -4*u - 8. What are the prime factors of k?
283
Let o be (-172)/(-6) + 52/39. Let b = o + -11. What are the prime factors of b?
19
Let l = -6 - -9. Suppose 0 = g + 4*g - 2*b - 20, -l*g + 13 = -b. Suppose 3*w - 3*t - 30 = 0, g*w = w + 2*t + 35. What are the prime factors of w?
5
Let t(b) = -6*b + 574. List the prime factors of t(24).
2, 5, 43
Let y(l) = 15*l + 87. What are the prime factors of y(32)?
3, 7
Let s = -682 - -1623. What are the prime factors of s?
941
Let q be (-4 - -7)*13/3. Let r = -10 + q. Suppose r*n = n + 36. What are the prime factors of n?
2, 3
Let d(l) = 3*l**2 + 2*l + 1. Let u be d(-1). Suppose o - u = 1. Suppose o*m + 5*i = 42, -85 = -5*m + 4*i + 22. What are the prime factors of m?
19
Suppose -5*m + 20 = -3*m. Let q(v) = v**3 - 9*v**2 + 4*v - 3. What are the prime factors of q(m)?
137
Let h be (1/2)/(5/250). List the prime factors of (70/h)/(1/20 - 0).
2, 7
Let a = -394 - -1878. What are the prime factors of a?
2, 7, 53
Let z(f) = f**3 - 26*f**2 + 32*f - 56. List the prime factors of z(26).
2, 97
Suppose 7*y + 1265 = h + 5*y, 3*h + 3*y - 3768 = 0. List the prime factors of h.
1259
Let h(b) be the third derivative of 5/6*b**3 - 1/12*b**4 + 0 + 0*b - 3*b**2. What are the prime factors of h(-9)?
23
Suppose 5*b + 2*j - 6*j - 3503 = 0, j + 701 = b. List the prime factors of b.
3, 233
Let m(o) = -11*o - 45. Let h(t) = 5*t + 22. Let u(n) = 9*h(n) + 4*m(n). Let b(k) = k**2 + 8*k + 5. Let w be b(-5). What are the prime factors of u(w)?
2
Let j be 3/6 - 2/(-4)